768 is divided by 10.
8
What is the remainder when 7698 is divided by 100?
98
What is the remainder when 2100 is divided by 27?
21
Calculate the remainder when 294 is divided by 175.
119
Calculate the remainder when 3684 is divided by 19.
17
What is the remainder when 622 is divided by 56?
6
Calculate the remainder when 419 is divided by 21.
20
Calculate the remainder when 3158 is divided by 8.
6
What is the remainder when 276 is divided by 35?
31
Calculate the remainder when 1419 is divided by 75.
69
What is the remainder when 255 is divided by 69?
48
What is the remainder when 506 is divided by 10?
6
Calculate the remainder when 1495 is divided by 260.
195
Calculate the remainder when 1382 is divided by 8.
6
What is the remainder when 72 is divided by 42?
30
What is the remainder when 81 is divided by 29?
23
Calculate the remainder when 2163 is divided by 241.
235
Calculate the remainder when 356 is divided by 122.
112
Calculate the remainder when 205 is divided by 11.
7
Calculate the remainder when 1027 is divided by 256.
3
What is the remainder when 95730 is divided by 26?
24
What is the remainder when 10 is divided by 1?
0
What is the remainder when 655 is divided by 167?
154
What is the remainder when 608 is divided by 154?
146
Calculate the remainder when 1637 is divided by 235.
227
What is the remainder when 10024 is divided by 15?
4
What is the remainder when 801 is divided by 62?
57
What is the remainder when 237 is divided by 215?
22
Calculate the remainder when 1640 is divided by 50.
40
What is the remainder when 102 is divided by 12?
6
What is the remainder when 460 is divided by 33?
31
What is the remainder when 100 is divided by 31?
7
Calculate the remainder when 1313 is divided by 73.
72
Calculate the remainder when 197 is divided by 9.
8
What is the remainder when 105 is divided by 30?
15
What is the remainder when 673 is divided by 75?
73
What is the remainder when 1708 is divided by 559?
31
Calculate the remainder when 2076 is divided by 686.
18
What is the remainder when 239 is divided by 57?
11
Calculate the remainder when 2987 is divided by 48.
11
Calculate the remainder when 58 is divided by 57.
1
What is the remainder when 40 is divided by 19?
2
What is the remainder when 88 is divided by 25?
13
Calculate the remainder when 656 is divided by 133.
124
What is the remainder when 689 is divided by 33?
29
Calculate the remainder when 267 is divided by 21.
15
What is the remainder when 2864 is divided by 46?
12
Calculate the remainder when 98 is divided by 18.
8
What is the remainder when 2799 is divided by 56?
55
What is the remainder when 501 is divided by 9?
6
What is the remainder when 935 is divided by 134?
131
What is the remainder when 2547 is divided by 17?
14
What is the remainder when 146 is divided by 38?
32
What is the remainder when 152 is divided by 51?
50
Calculate the remainder when 114 is divided by 80.
34
Calculate the remainder when 3344 is divided by 279.
275
What is the remainder when 287 is divided by 58?
55
Calculate the remainder when 45 is divided by 8.
5
Calculate the remainder when 3422 is divided by 61.
6
Calculate the remainder when 38 is divided by 20.
18
Calculate the remainder when 8038 is divided by 120.
118
What is the remainder when 3185 is divided by 10?
5
What is the remainder when 277 is divided by 173?
104
What is the remainder when 53 is divided by 12?
5
Calculate the remainder when 973 is divided by 324.
1
Calculate the remainder when 4408 is divided by 57.
19
Calculate the remainder when 391 is divided by 8.
7
Calculate the remainder when 167 is divided by 35.
27
Calculate the remainder when 982 is divided by 29.
25
Calculate the remainder when 145 is divided by 51.
43
What is the remainder when 214 is divided by 27?
25
What is the remainder when 55 is divided by 16?
7
Calculate the remainder when 565 is divided by 93.
7
What is the remainder when 862 is divided by 431?
0
Calculate the remainder when 343 is divided by 23.
21
Calculate the remainder when 235 is divided by 36.
19
Calculate the remainder when 61 is divided by 17.
10
What is the remainder when 226 is divided by 28?
2
Calculate the remainder when 1235 is divided by 137.
2
What is the remainder when 755 is divided by 148?
15
What is the remainder when 81 is divided by 14?
11
What is the remainder when 2575 is divided by 7?
6
Calculate the remainder when 274 is divided by 96.
82
What is the remainder when 506 is divided by 37?
25
Calculate the remainder when 1199 is divided by 25.
24
What is the remainder when 416 is divided by 35?
31
What is the remainder when 15605 is divided by 153?
152
What is the remainder when 435 is divided by 10?
5
What is the remainder when 53 is divided by 19?
15
Calculate the remainder when 2772 is divided by 111.
108
What is the remainder when 323 is divided by 27?
26
Calculate the remainder when 553 is divided by 31.
26
Calculate the remainder when 139 is divided by 35.
34
Calculate the remainder when 772 is divided by 97.
93
Calculate the remainder when 371 is divided by 8.
3
What is the remainder when 52 is divided by 5?
2
What is the remainder when 27 is divided by 4?
3
What is the remainder when 201 is divided by 47?
13
Calculate the remainder when 6179 is divided by 15.
14
What is the remainder when 2164 is divided by 44?
8
What is the remainder when 659 is divided by 12?
11
Calculate the remainder when 747 is divided by 125.
122
Calculate the remainder when 3095 is divided by 72.
71
What is the remainder when 598 is divided by 8?
6
Calculate the remainder when 13 is divided by 10.
3
What is the remainder when 505 is divided by 129?
118
Calculate the remainder when 1294 is divided by 27.
25
What is the remainder when 308 is divided by 78?
74
Calculate the remainder when 66 is divided by 31.
4
Calculate the remainder when 1583 is divided by 16.
15
What is the remainder when 4867 is divided by 212?
203
What is the remainder when 756 is divided by 201?
153
Calculate the remainder when 39 is divided by 23.
16
Calculate the remainder when 284 is divided by 72.
68
Calculate the remainder when 636 is divided by 230.
176
Calculate the remainder when 150 is divided by 66.
18
Calculate the remainder when 340 is divided by 165.
10
What is the remainder when 4506 is divided by 31?
11
Calculate the remainder when 380 is divided by 16.
12
Calculate the remainder when 367 is divided by 93.
88
What is the remainder when 216 is divided by 55?
51
Calculate the remainder when 27 is divided by 3.
0
What is the remainder when 404 is divided by 8?
4
What is the remainder when 69 is divided by 39?
30
What is the remainder when 685 is divided by 146?
101
Calculate the remainder when 458 is divided by 20.
18
Calculate the remainder when 32510 is divided by 13.
10
What is the remainder when 990 is divided by 330?
0
What is the remainder when 587 is divided by 53?
4
Calculate the remainder when 2859 is divided by 10.
9
Calculate the remainder when 567 is divided by 98.
77
Calculate the remainder when 581 is divided by 131.
57
What is the remainder when 1623 is divided by 32?
23
What is the remainder when 318 is divided by 109?
100
What is the remainder when 227 is divided by 76?
75
What is the remainder when 12521 is divided by 87?
80
Calculate the remainder when 201 is divided by 68.
65
Calculate the remainder when 48 is divided by 28.
20
What is the remainder when 118 is divided by 16?
6
What is the remainder when 128 is divided by 32?
0
What is the remainder when 430 is divided by 8?
6
What is the remainder when 66 is divided by 59?
7
Calculate the remainder when 224 is divided by 71.
11
Calculate the remainder when 3358 is divided by 29.
23
What is the remainder when 263 is divided by 92?
79
What is the remainder when 29886 is divided by 143?
142
What is the remainder when 6603 is divided by 40?
3
Calculate the remainder when 3310 is divided by 12.
10
What is the remainder when 1290 is divided by 321?
6
What is the remainder when 121 is divided by 50?
21
Calculate the remainder when 13509 is divided by 24.
21
What is the remainder when 5588 is divided by 215?
213
What is the remainder when 66 is divided by 25?
16
What is the remainder when 12586 is divided by 12?
10
What is the remainder when 412 is divided